(v).
7
Suppose -22*l + 19*l + 5*x = 25, 2*l + 2*x = -6. Let h(o) = 6*o - 2. Let w(j) = -7*j + 1. Let g(f) = -f. Let b be g(-6). Let d(p) = b*h(p) + 5*w(p). Give d(l).
-12
Let c(w) = w**3 + 12*w**2 + 3*w + 41. Let x be c(-12). Let d(s) = s**2 - 4*s + 5. Let r(f) = 3*f**2 - 13*f + 15. Let a(n) = -11*d(n) + 4*r(n). Calculate a(x).
-10
Suppose 3*h + 18 = 3*r, 5*r - 2*h - h = 28. Suppose 0*w = 4*w + 4*y, -5 = r*y. Suppose 4 = -v + w. Let z(a) = 2*a. Give z(v).
-6
Let x(i) = -12*i**3 + 5*i**3 + 4 + 6*i**3 - 5*i**2 + 2*i**3 + 11*i**2 + 8*i. Calculate x(-5).
-11
Let b(t) be the third derivative of t**5/60 + t**4/8 + t**3/6 + 116*t**2. Determine b(-2).
-1
Let u be 448/(-84) - (-3)/((-9)/2). Suppose -5*j + 3*t = -1, j - 3*j + 2*t = 2. Let p(l) = 7*l + 9 + 1 + l**j - 4. What is p(u)?
0
Let j(f) = -2*f + 12. Let g(b) = b - 2. Let x(t) = -3*g(t) - j(t). Determine x(-5).
-1
Let u(x) be the first derivative of x**4/12 + 5*x**3/6 + 2*x**2 + 28*x - 11. Let h(n) be the first derivative of u(n). Determine h(-6).
10
Let s = 77 + -47. Let c be ((-14)/(-10))/((-12)/s)*2. Let v(a) = a**3 + 8*a**2 + 6*a + 4. What is v(c)?
11
Let i(q) = -6*q**2 + 4*q - 5. Let j be 1/(-4 - -1)*-30 - 8. Calculate i(j).
-21
Let j(i) = -i**3 + 7*i**2 - 6*i + 2. Let p be j(6). Let b(z) = -3991*z + 3 - 4 - 6*z**2 + 3992*z. Determine b(p).
-23
Let d be (-2 + 7/1)*2. Suppose 3*m - 25 = 2*p, -5*p - 10 = m + d. Let l(z) = z**2 - 2*z - 5. Determine l(m).
10
Let s be (-2 - (-4 - -4)) + 8. Let m be 2/((6 - 3)/(s/(-4))). Let h(r) = 1 + 2*r - 4*r - 3*r. Give h(m).
6
Let d(i) be the second derivative of -1/6*i**3 - 13*i + 1/20*i**5 + 2*i**2 - 1/3*i**4 + 0. Determine d(3).
-8
Suppose i - 287 = -3*n, -i + 5*i + 113 = n. Let z = n - 104. Let w(m) = m - 1. Give w(z).
-8
Let j be (36/16)/(2/16). Let t(x) = x**2 - 19*x + 23. Give t(j).
5
Let l(u) = u**3 - 5*u**2 + u + 2. Let w(j) = -j**3 - 5*j**2 - 3*j - 10. Let t(s) = 38 - 11 + 2*s - 20. Let z be t(-6). Let y be w(z). What is l(y)?
7
Suppose -98960 = -17*s - 98909. Let b(i) be the third derivative of -i**5/30 + i**4/6 + i**3/6 + i**2. Give b(s).
-5
Let y(x) = 4*x - 7. Let t(s) = 2*s - 24. Let l be t(0). Let q = 29 + l. Determine y(q).
13
Let k(p) = -p**2 + p + 1. Let b(l) = -l**3 - 26*l**2 + 2*l - 23. Let r(o) = -b(o) + 3*k(o). Let a be r(-23). Let u(c) = c**3 - 4*c**2 + c + 4. Calculate u(a).
-2
Let s(h) be the third derivative of -h**4/24 + h**3 - 72*h**2. Determine s(8).
-2
Let y(g) = g**2 - g + 1. Let m(w) = 3*w + 94. Let v be m(-32). Determine y(v).
7
Let x(i) = -i**2 + 3. Let b(c) = -45*c - 447. Let k be b(-10). What is x(k)?
-6
Let q(w) be the second derivative of -5*w**4/24 - w**3/2 - w**2 + 8*w. Let t(y) be the first derivative of q(y). Determine t(3).
-18
Let k(t) = 2*t - 3. Let u(b) = b. Let p(o) = 4*o + 3. Let w(j) = -p(j) + u(j). Let g be w(-1). Suppose -5*h = -g*x + x + 14, -5*x - 5*h = -10. What is k(x)?
9
Let i(h) be the second derivative of -h**5/20 + h**4/12 + 2*h**3/3 + 3*h**2/2 - h. Suppose 0 = -2*y - 5 + 1. Calculate i(y).
7
Suppose 0*p = -p + 4, -24 = -2*c - p. Let h(j) = -c*j + j + 10 + 1 - 2*j + j**2. Determine h(10).
1
Let h(g) be the first derivative of -1/60*g**5 + 1/6*g**3 - 5/2*g**2 + 0*g + 1 - 5/24*g**4. Let z(i) be the second derivative of h(i). Give z(-6).
-5
Let o(z) be the first derivative of z**2 - 30*z + 828. Determine o(18).
6
Let m(z) = -z**2 + 2*z + 2. Let d be 3*1 + (-11 - -8). Suppose -l + 2*k - 11 = 4*l, d = -2*l + k - 5. Let o = 3 - l. Determine m(o).
-6
Let g(a) = -a**3 + 3*a**2 - 4*a. Let f(y) = 2*y**2 - 3 + 0*y - 3*y - y**3 + 2. Let w(u) = -3*f(u) + 2*g(u). Let l be 30/(-150) + (-2)/(-10) + 0. What is w(l)?
3
Let m(p) = -5*p + 5. Let r(n) = 5*n - 6. Suppose -2*g + 3*x = -3, 0 = g + x + x + 16. Let s(b) = g*m(b) - 5*r(b). Give s(2).
10
Let v(y) = -y. Suppose -500 + 512 = 2*f. Calculate v(f).
-6
Let y = -51 + 81. Let f = -18 + y. Let z be (-171)/54 + 2/f. Let s(x) = -x**3 - 4*x**2 - 3*x + 3. Give s(z).
3
Let u(o) = o**3 - 15*o + 27*o - 9*o + 4 - 6*o**2. What is u(5)?
-6
Let h(u) = 2*u**3 + 53*u**2 - 28*u - 9. Let x(d) = -d**3 - 34*d**2 + 18*d + 6. Let y(i) = 5*h(i) + 8*x(i). Calculate y(4).
35
Let d(v) = -v + 5. Let h be 1 + -1*(1 + -4). Let g = -288 + 293. Suppose 5*s = 4*j + 24, -s - h*s - g*j = -15. Calculate d(s).
1
Let a = 43 + -45. Let f be 4 + -6 - (a - -1). Let z(l) = 10*l - 1. What is z(f)?
-11
Let u(p) be the third derivative of p**6/60 - p**5/4 - p**4/3 + p**3/2 - p**2 - 15. Let n be u(8). Let x(w) = -7*w - 2. What is x(n)?
-23
Let u = 1310 - 1305. Let l(a) = -3*a**2 + 5*a + 4*a**2 + 4 - a**3 + 3*a**2. What is l(u)?
4
Let i(l) = l**2 + 5. Let m(g) = g**3 - 15*g**2 + 3*g - 36. Let o be m(15). Suppose 4*c - 2*j + 8 = 2, -c - 3*j = -o. What is i(c)?
5
Let c = -11 - -6. Let f(w) = -5*w + 5*w + 7*w + 2 + w**2. Let g(x) = -3*x**2 - 22*x - 7. Let q(r) = -7*f(r) - 2*g(r). Calculate q(c).
0
Let g(l) = 6*l - 104. Let d be g(16). Let h(p) = 2 - p - 7 + 4. Give h(d).
7
Let t(b) = 3*b + 13. Let u be t(-3). Suppose 3*k = -3*g + 6, -k - u*g + 12 = 4*k. Let m(v) = -2*v - 5*v + 4*v. What is m(k)?
-12
Let z = 233 + -181. Let w(p) = 4*p**3 + 0*p - 2*p + p + z*p**2 - 54*p**2. Let k be 1/3 + 4/(-3). Calculate w(k).
-5
Let x(r) = 5 - 787*r + 7 + 788*r. Determine x(-13).
-1
Let a(b) be the first derivative of -b**2/2 - 2*b - 93. Let y be (6/15)/((-2)/(-30)). Give a(y).
-8
Let f(a) = a - 8. Let o(s) = 13*s - 5. Let i = -43 + 44. Let r be o(i). What is f(r)?
0
Suppose 0*n - 2*n = -9*n. Let v(g) = -2*g - g**2 + n - 4*g - 6 - 1. Calculate v(-6).
-7
Let z(o) = o**3 + o**2 + 1. Let k(r) = -2*r**3 - 3*r**2 + r - 4. Let m(l) = k(l) + 3*z(l). Let n(c) be the first derivative of m(c). Calculate n(-1).
4
Let f(y) = -y**3 + 4*y**2 + 5*y + 4. Let q be 1/3 - (-69)/9. Let i = q + -6. Let v be i/(-10) + (-26)/(-5). Calculate f(v).
4
Let t be (4/12)/(1/3*-1). Let q be t/1*-1*0. Let k(u) be the second derivative of -u**4/12 - u**3/6 - 5*u**2/2 + u. Calculate k(q).
-5
Let g(d) be the third derivative of 0 - 1/120*d**6 + 1/24*d**4 + 0*d**5 + 0*d - 5/3*d**3 - 20*d**2. Determine g(0).
-10
Let d(g) = g**3 + 7*g**2 + 5*g - 7. Let a be (-2432)/416 + ((-56)/26 - -2). What is d(a)?
-1
Suppose 5 = -5*n - 5*a, 23*a - 27*a = -4*n - 52. Let f(k) be the first derivative of k**2 + 6*k - 1. Calculate f(n).
-8
Let p = 12 - 12. Let d be p*-2*(-1)/(-4). Let f(t) = -t + d*t - 6*t**3 - 1 + 4*t**3. Calculate f(-1).
2
Let m(w) be the first derivative of 3*w**2/2 - w - 2. Let f be ((-195)/6)/(-13)*-2. What is m(f)?
-16
Let z(d) be the second derivative of d**5/120 + 7*d**4/24 - 8*d**3/3 + 17*d. Let n(x) be the second derivative of z(x). Let a = -24 - -17. Give n(a).
0
Let j(q) be the second derivative of -q**5/20 - q**4/6 + 17*q**3/6 + 6*q**2 + 261*q - 2. What is j(-5)?
2
Let a be (-2 + 2)*(-2)/(-4). Let u(o) = 0 - 344*o + a + 347*o. Suppose -5*w - 1 = -y + 21, 20 = 2*y - 4*w. What is u(y)?
6
Let v(o) be the first derivative of o**3/3 - 2*o**2 + 4*o - 61. Determine v(5).
9
Let s = 5 - 1. Let i(p) = p**2 + 8*p + 1. Let v(w) be the third derivative of -w**5/60 - w**4/3 - 3*w**2 + 5. Let a(d) = s*v(d) + 5*i(d). Calculate a(-6).
-7
Suppose 0 = h - 3*f + 4, 3*h - 8*h = 5*f + 20. Let r(n) = n**3 + 2*n + 2. Let m(s) = -5*s**3 - 3*s**2 - 3*s - 5. Let a(d) = m(d) + 4*r(d). Determine a(h).
-1
Let z(w) be the third derivative of -w**6/360 - w**5/30 + w**4/3 + 9*w**3/2 - 32*w**2. Let c(a) be the first derivative of z(a). Give c(-6).
-4
Suppose -3*a + 60 = 3*a. Suppose 2*b - 18 = -4*x, 3 - a = -x + 2*b. Let t(h) = -h**3 + 5*h**2 - 5*h + 7. Give t(x).
-18
Let z(y) = y**3 - y**2. Suppose 38 = 5*k - 17. Let q = 12 - k. Suppose -a - q = -3. What is z(a)?
4
Let u = 1532 - 1532. Let g(o) = -o**2 + o. Let k(i) = 3*i**2 - 3*i - 1. Let q(t) = -11*g(t) - 4*k(t). What is q(u)?
4
Let g = 7 + -7. Suppose -o + 2 = -g*o. Let i(u) = u**o + 0*u**2 - 8 + 3*u - 4*u + 5*u. Determine i(-6).
4
Let k(x) = x + 1. Let q be 4/5*((-21)/(-2) + -8). Suppose -s + 4*s = 2*j - 22, -q*s + 3*j = 18. What is k(s)?
-5
Suppose 0 = 3*l + 5*c - 21, -3*l + 4*c - 3*c = -21. Let d(s) = -s**3 + 7*s**2 - 2*s - 3. What is d(l)?
-17
Let c = -49 + 52. Suppose 0 = -x - 3*x + 12. Let y(b) = b + x*b - 4*b - b**2 - b. Calculate y(c).
-12
Suppose -k + 13 = 2*b, -b - k = -2*b + 8. Let i(q) = q**2 - 6*q + 3. What is i(b)?
10
